0
Convert 1104 (base 12) to base 6.
12404
What is 36403 (base 8) in base 6?
200151
What is -11100100 (base 2) in base 16?
-e4
What is 2610 (base 12) in base 10?
4332
Convert 146664 (base 7) to base 16.
7089
What is 31646 (base 9) in base 10?
20940
Convert -44513 (base 6) to base 5.
-144422
What is -1362 (base 7) in base 2?
-1000010110
7490 (base 12) to base 7
52155
265 (base 7) to base 2
10010001
What is 343 (base 16) in base 3?
1010221
Convert -25436 (base 12) to base 10.
-50730
What is 1146 (base 10) in base 12?
7b6
What is 213015 (base 6) in base 13?
7c79
Convert -2222102110 (base 3) to base 10.
-58629
What is 13201 (base 4) in base 2?
111100001
Convert b6b (base 15) to base 4.
220100
-322 (base 6) to base 16
-7a
-313232 (base 4) to base 14
-142a
-2b60 (base 12) to base 10
-5112
Convert -2103 (base 6) to base 9.
-573
What is -a8b7 (base 13) in base 16?
-5bb0
What is 1236 (base 7) in base 14?
256
Convert -16325 (base 9) to base 13.
-5138
-10010021 (base 3) to base 11
-1789
Convert 188 (base 10) to base 7.
356
Convert -101100110 (base 2) to base 12.
-25a
-213441 (base 6) to base 10
-17665
-d68 (base 15) to base 6
-21555
What is 6652 (base 8) in base 4?
312222
What is 2b1 (base 14) in base 2?
1000100011
What is 2512b (base 12) in base 14?
14483
Convert 4784 (base 9) to base 14.
1423
325 (base 14) to base 2
1001101101
What is 5391 (base 11) in base 13?
3317
Convert 532 (base 13) to base 6.
4034
What is -325 (base 12) in base 6?
-2045
What is 2001 (base 3) in base 7?
106
What is 23110 (base 7) in base 13?
28ab
Convert -1626 (base 8) to base 4.
-32112
-860a (base 13) to base 4
-10202220
1620a (base 12) to base 3
1121002001
1045 (base 6) to base 10
245
What is -8704 (base 12) in base 5?
-433321
What is -545 (base 8) in base 12?
-259
Convert 3455 (base 6) to base 13.
4b8
What is 36d4 (base 14) in base 13?
44a0
Convert -440 (base 9) to base 11.
-2a8
Convert 304 (base 8) to base 7.
400
What is -1410022 (base 5) in base 3?
-1110110021
What is -461 (base 10) in base 6?
-2045
46033 (base 7) to base 3
121000211
Convert -28 (base 13) to base 12.
-2a
What is 20426 (base 7) in base 15?
1748
What is 5411 (base 9) in base 13?
1a71
Convert 1033 (base 6) to base 8.
355
-3036 (base 14) to base 8
-20130
What is -3210 (base 4) in base 11?
-198
What is -9350 (base 11) in base 6?
-133221
What is -796b (base 12) in base 13?
-6197
-219 (base 15) to base 9
-576
-44aa (base 14) to base 6
-131050
-105 (base 7) to base 15
-39
What is 352 (base 10) in base 12?
254
23013 (base 4) to base 7
2034
12211 (base 3) to base 5
1112
Convert -2172 (base 9) to base 14.
-828
What is -22002201 (base 3) in base 5?
-142110
-a97 (base 12) to base 10
-1555
What is -b8 (base 13) in base 6?
-411
What is 37433 (base 10) in base 3?
1220100102
Convert -1100111111 (base 2) to base 13.
-4bc
What is -5cb (base 13) in base 2?
-1111110100
Convert -2c4c (base 13) to base 2.
-1100101010110
Convert -2669 (base 16) to base 7.
-40445
Convert 1583d (base 14) to base 15.
10dde
Convert -124433 (base 6) to base 12.
-6719
Convert -3015 (base 6) to base 4.
-22103
What is 195 (base 10) in base 6?
523
What is 7206 (base 10) in base 15?
2206
What is 23042 (base 6) in base 3?
11110222
Convert 3fb (base 16) to base 9.
1352
Convert 1231232 (base 4) to base 6.
52302
Convert -1a631 (base 11) to base 12.
-14747
2471 (base 8) to base 7
3620
Convert 12272 (base 10) to base 3.
121211112
-243 (base 13) to base 7
-1101
Convert -2126 (base 8) to base 11.
-91a
-74a4 (base 14) to base 9
-30553
Convert -74 (base 13) to base 12.
-7b
19725 (base 11) to base 14
a03c
What is 111010111 (base 2) in base 16?
1d7
Convert -218 (base 16) to base 9.
-655
-1a61 (base 15) to base 9
-7751
1a93 (base 13) to base 16
fa7
1527 (base 14) to base 8
7257
What is -194 (base 14) in base 16?
-146
Convert -2012000 (base 4) to base 12.
-4b68
-12101020 (base 3) to base 16
-f51
Convert 18b05 (base 13) to base 3.
2102211211
Convert 10553 (base 10) to base 2.
10100100111001
Convert -160 (base 7) to base 14.
-67
233004 (base 5) to base 6
103212
Convert 743 (base 13) to base 8.
2326
What is -51367 (base 8) in base 7?
-115631
Convert -480 (base 10) to base 4.
-13200
19bb (base 13) to base 12
22a8
What is -11024 (base 6) in base 13?
-907
Convert 34 (base 16) to base 12.
44
What is 7c0 (base 15) in base 10?
1755
14605 (base 8) to base 10
6533
-24023 (base 7) to base 16
-182f
What is 72 (base 10) in base 3?
2200
Convert 121641 (base 9) to base 4.
101323033
1a6c (base 13) to base 6
30225
-10223 (base 5) to base 16
-2b0
-4735 (base 12) to base 16
-1f19
What is 197c (base 16) in base 10?
6524
-55b (base 16) to base 4
-111123
What is 2a5 (base 13) in base 6?
2105
What is 3231 (base 6) in base 11?
612
Convert 725 (base 11) to base 14.
466
What is 66a1 (base 12) in base 5?
330403
Convert 18625 (base 9) to base 2.
11001001100110
-161 (base 11) to base 8
-274
Convert 5346 (base 10) to base 16.
14e2
Convert -2212211122 (base 3) to base 15.
-11c2e
Convert -10540 (base 6) to base 13.
-8b5
What is 12770 (base 8) in base 15?
19ee
196c (base 15) to base 11
4152
Convert -458 (base 14) to base 2.
-1101011110
1de9 (base 16) to base 9
11447
-25a (base 11) to base 16
-133
-5d77 (base 14) to base 10
-16373
What is -110111011 (base 2) in base 16?
-1bb
1111 (base 2) to base 12
13
What is -4a03 (base 13) in base 9?
-15335
-451 (base 15) to base 12
-694
What is -a644 (base 12) in base 5?
-1040241
What is -3ec (base 16) in base 7?
-2633
Convert 10002 (base 15) to base 8.
142703
What is -41603 (base 8) in base 15?
-51c3
-393a3 (base 11) to base 10
-56378
10013121 (base 4) to base 15
4edc
What is -324a (base 12) in base 8?
-12632
-2000322 (base 4) to base 3
-102022120
Convert -1000111 (base 3) to base 10.
-742
Convert -30403 (base 6) to base 14.
-1683
What is 100210201 (base 3) in base 6?
53031
16a95 (base 11) to base 14
8a21
-b5e (base 15) to base 8
-5004
What is 13307 (base 8) in base 10?
5831
-41386 (base 9) to base 8
-65236
Convert -4c2 (base 15) to base 11.
-8a4
Convert 31333 (base 5) to base 13.
c50
-290a (base 16) to base 12
-60b6
5510 (base 15) to base 5
1034030
Convert -526 (base 14) to base 6.
-4410
What is 18417 (base 9) in base 6?
134541
-6134 (base 7) to base 6
-13512
What is 432 (base 12) in base 16?
266
Convert 1121 (base 7) to base 5.
3112
Convert -434 (base 15) to base 12.
-671
Convert -141a (base 15) to base 2.
-1000011001100
Convert -10100001 (base 2) to base 12.
-115
What is 20001101 (base 3) in base 14?
1871
59 (base 16) to base 2
1011001
Convert -21568 (base 9) to base 11.
-a837
Convert 10001010000000110 (base 2) to base 6.
1303050
What is 682 (base 11) in base 4?
30300
630 (base 8) to base 14
212
What is a81 (base 14) in base 5?
31243
Convert 47 (base 10) to base 4.
233
-418 (base 15) to base 9
-1235
-1104 (base 7) to base 13
-246
What is 2063 (base 7) in base 16?
2db
What is 14510 (base 15) in base 6?
1222053
What is 1426 (base 8) in base 2?
1100010110
-330 (base 5) to base 2
-1011010
What is 33461 (base 8) in base 10?
14129
Convert 441310 (base 5) to base 12.
8971
c484 (base 14) to base 4
20100210
What is -10112 (base 4) in base 13?
-185
Convert 3158 (base 13) to base 11.
5152
What is 123333 (base 5) in base 16?
12eb
-647 (base 13) to base 7
-3062
Convert -2223303 (base 4) to base 2.
-10101011110011
Convert 18599 (base 10) to base 8.
44247
-3111 (base 6) to base 4
-22303
Convert 50530 (base 6) to base 5.
203203
What is 1205 (base 11) in base 10?
1578
What is 1706 (base 8) in base 9?
1283
What is 74036 (base 8) in base 12?
15966
Convert -33030 (base 4) to base 15.
-44c
What is -4300 (base 10) in base 9?
-5807
1363 (base 12) to base 10
2235
What is 10112 (base 6) in base 13?
7c1
What is 24674 (base 9) in base 3?
211202111
-103367 (base 8) to base 14
-c83d
What is -560 (base 12) in base 5?
-11132
Convert 50295 (base 11) to base 16.
11f4f
Convert 429 (base 10) to base 9.
526
-2703 (base 9) to base 7
-5625
What is -10220101 (base 3) in base 12?
-1791
35367 (base 9) to base 13
a9ab
What is -415 (base 6) in base 4?
-2123
-2223 (base 6) to base 7
-1341
What is -2440 (base 6) in base 10?
-600
-31210201 (base 4) to base 13
-1c3ba
Convert 36a (base 12) to base 11.
428
What is 18453 (base 12) in base 2?
1000100101111111
6c8 (base 16) to base 4
123020
-653 (base 7) to base 